e
Is 53327 a prime number?
True
Is 489407 a composite number?
False
Is 2579 a composite number?
False
Is 2626329 a prime number?
False
Is 690233 prime?
True
Is 2351597 a prime number?
True
Is 114118 composite?
True
Is 114113 a prime number?
True
Is 23149 a prime number?
False
Is 260527 a prime number?
True
Is 71819 prime?
False
Is 333419 prime?
True
Is 5969 prime?
False
Is 114113 composite?
False
Is 12251 composite?
False
Is 13997 prime?
True
Is 131873 prime?
False
Is 54203 prime?
False
Is 1050503 a composite number?
False
Is 1093871 a composite number?
False
Is 3545 composite?
True
Is 18517 a prime number?
True
Is 3793 a prime number?
True
Is 795071 a composite number?
False
Is 6787 prime?
False
Is 799702 composite?
True
Is 1185577 prime?
True
Is 109447 a composite number?
True
Is 245671 a prime number?
True
Is 2581 composite?
True
Is 2139227 a prime number?
True
Is 14923 composite?
False
Is 12013 prime?
False
Is 319001 composite?
False
Is 14851 composite?
False
Is 1574869 a composite number?
False
Is 789637 a prime number?
False
Is 77137 composite?
False
Is 51929 prime?
True
Is 11105 a composite number?
True
Is 45361 composite?
False
Is 337013 composite?
False
Is 1866769 a composite number?
True
Is 19921 prime?
False
Is 20771 composite?
False
Is 33547 a composite number?
False
Is 532718 composite?
True
Is 14693 a prime number?
False
Is 3217 a composite number?
False
Is 316681 a composite number?
False
Is 38039 a prime number?
True
Is 77485 prime?
False
Is 72395 composite?
True
Is 18413 composite?
False
Is 34211 a prime number?
True
Is 565109 prime?
True
Is 3319 a prime number?
True
Is 66731 a prime number?
False
Is 9201 composite?
True
Is 34123 a composite number?
False
Is 9511 a prime number?
True
Is 75567 a composite number?
True
Is 30607 a composite number?
True
Is 1847 prime?
True
Is 25873 prime?
True
Is 250847 a prime number?
False
Is 1262143 a composite number?
False
Is 101245 a prime number?
False
Is 210557 prime?
True
Is 172049 a composite number?
False
Is 26141 composite?
False
Is 110119 a composite number?
False
Is 795111 a composite number?
True
Is 2077 a prime number?
False
Is 852167 composite?
False
Is 34807 a prime number?
True
Is 3611 composite?
True
Is 5807 a composite number?
False
Is 130957 a composite number?
False
Is 183907 prime?
True
Is 132491 a composite number?
False
Is 28507 prime?
False
Is 2063585 a prime number?
False
Is 1475393 a composite number?
True
Is 92657 a composite number?
False
Is 283937 prime?
True
Is 122789 prime?
True
Is 54647 prime?
True
Is 1259 prime?
True
Is 1211 prime?
False
Is 323827 composite?
True
Is 1223057 prime?
False
Is 10383 composite?
True
Is 204483 prime?
False
Is 48799 prime?
True
Is 5953 prime?
True
Is 33749 a composite number?
False
Is 97687 a prime number?
True
Is 913217 a composite number?
False
Is 21059 composite?
False
Is 31 prime?
True
Is 225113 prime?
False
Is 218507 composite?
True
Is 22691 composite?
False
Is 21991 a composite number?
False
Is 199081 prime?
True
Is 98281 composite?
True
Is 254479 a prime number?
False
Is 88514 prime?
False
Is 127949 a prime number?
False
Is 47246 a prime number?
False
Is 52874 a prime number?
False
Is 128143 a prime number?
False
Is 23917 prime?
True
Is 215 composite?
True
Is 122329 a composite number?
True
Is 18871 prime?
False
Is 6287 a prime number?
True
Is 1523 a prime number?
True
Is 6385 a composite number?
True
Is 2145685 a prime number?
False
Is 28513 prime?
True
Is 1618 composite?
True
Is 204643 composite?
True
Is 21509 prime?
False
Is 18269 a composite number?
False
Is 84299 a composite number?
False
Is 1069 a composite number?
False
Is 4943 composite?
False
Is 1733 a prime number?
True
Is 59333 composite?
False
Is 1972823 a prime number?
True
Is 2249 a composite number?
True
Is 48091 a prime number?
True
Is 945517 composite?
True
Is 670507 composite?
False
Is 91769 prime?
False
Is 2447 a composite number?
False
Is 20261 a prime number?
True
Is 24667 a composite number?
True
Is 8861 a composite number?
False
Is 338339 composite?
False
Is 28673 a prime number?
False
Is 19949 a prime number?
True
Is 1498979 composite?
True
Is 5137 a composite number?
True
Is 58637 composite?
True
Is 973013 a composite number?
True
Is 9865 prime?
False
Is 6467 prime?
False
Is 399683 composite?
True
Is 5437 prime?
True
Is 3272303 prime?
True
Is 329177 composite?
False
Is 292015 composite?
True
Is 43729 composite?
True
Is 125323 a prime number?
False
Is 4306 composite?
True
Is 10061 composite?
False
Is 14215 composite?
True
Is 745 a prime number?
False
Is 44879 composite?
False
Is 4268981 prime?
True
Is 1587351 composite?
True
Is 5519 prime?
True
Is 8263 prime?
True
Is 1861931 composite?
True
Is 1837 a composite number?
True
Is 1739 prime?
False
Is 23789 composite?
False
Is 255257 a composite number?
True
Is 220747 composite?
False
Is 4393 prime?
False
Is 352931 a composite number?
False
Is 12143 a composite number?
False
Is 2723 a prime number?
False
Is 16823 prime?
True
Is 323966 a prime number?
False
Is 14486 a prime number?
False
Is 590165 a prime number?
False
Is 1201 a prime number?
True
Is 62639 prime?
True
Is 478241 a prime number?
True
Is 118189 a composite number?
False
Is 36193 a composite number?
True
Is 340057 a composite number?
False
Is 42043 a prime number?
True
Is 8503 a composite number?
True
Is 1116241 a composite number?
True
Is 17521 a prime number?
False
Is 22793 prime?
False
Is 373727 a prime number?
False
Is 9127 a prime number?
True
Is 13535 a composite number?
True
Is 26769 composite?
True
Is 11579 prime?
True
Is 8727 a composite number?
True
Is 2184359 a prime number?
True
Is 779531 a prime number?
True
Is 16183 a prime number?
True
Is 208279 composite?
False
Is 906331 a prime number?
True
Is 9533 a composite number?
False
Is 194009 prime?
False
Is 137771 a composite number?
False
Is 14095 a composite number?
True
Is 618437 a composite number?
False
Is 6883 prime?
True
Is 619903 prime?
False
Is 782297 prime?
True
Is 82177 composite?
True
Is 2759 prime?
False
Is 2094943 composite?
False
Is 61255 prime?
False
Is 1098241 a prime number?
False
Is 5951 prime?
False
Is 14695 a composite number?
True
Is 6711 a composite number?
True
Is 81839 composite?
False
Is 49857 composite?
True
Is 25859 a composite number?
True
Is 134129 prime?
True
Is 27353 a prime number?
False
Is 12661 a composite number?
True
Is 389323 prime?
False
Is 6891 a composite number?
True
Is 9301 composite?
True
Is 27941 a composite number?
False
Is 219955 composite?
True
Is 22871 prime?
True
Is 1219231 a composite number?
True
Is 137477 a composite number?
False
Is 12025667 composite?
False
Is 216877 prime?
True
Is 54401 a composite number?
False
Is 23533 composite?
True
Is 160739 a prime number?
True
Is 3247 prime?
False
Is 35087 a composite number?
True
Is 18041 a composite number?
False
Is 15941 a composite number?
True
Is 116819 a prime number?
True
Is 88717 a composite number?
True
Is 4927 composite?
True
Is 105847 prime?
False
Is 13381 a composite number?
False
Is 53849 a composite number?
False
Is 2195 prime?
False
Is 3902915 a prime number?
False
Is 260081 prime?
True
Is 33081 composite?
True
Is 834761 a composite number?
False
Is 8927 composite?
True
Is 262541 a composite number?
False
Is 395357 a prime number?
False
Is 27343 a prime number?
False
Is 18827 composite?
True
Is 353077 composite?
True
Is 122251 composite?
False
Is 631957 a composite number?
True
Is 7841 composite?
False
Is 2159 prime?
False
Is 24643 composite?
True
Is 1931 composite?
False
Is 80113 a composite number?
True
Is 119333 composite?
True
Is 1938449 composite?
False
Is 136649 a composite number?
False
Is 682963 prime?
False
Is 106291 prime?
True
Is 53033 prime?
False
Is 253537 a prime number?
True
Is 25873 a prime number?
True
Is 2250685 composite?
True
Is 17165 composite?
True
Is 1465 composite?
True
Is 7583 prime?
True
Is 76463 prime?
True
Is 364639 a composite number?
True
Is 14513 a prime number?
False
Is 2731 a prime number?
True
Is 33247 prime?
True
Is 136657 prime?
True
Is 29893 a composite number?
True
Is 18899 composite?
False
Is 1214011 a composite number?
False
Is 19103 a composite number?
True
Is 97085 prime?
False
Is 560095 composite?
True
Is 1263539 a composite number